00?
True
Is 25 a factor of 14417211?
False
Does 85 divide 128309115?
True
Does 55 divide 28765?
True
Is 433519512 a multiple of 548?
True
Is 6140774 a multiple of 55?
False
Is 2 a factor of 3130041?
False
Does 27 divide 3416750978?
False
Does 196 divide 182356632?
False
Is 9527300 a multiple of 25?
True
Does 1318 divide 434753953?
False
Is 350854560 a multiple of 224?
True
Is 41320940 a multiple of 290?
True
Is 33 a factor of 561181698?
True
Does 27 divide 14920740?
True
Does 56 divide 1393555912?
True
Does 2654 divide 906341000?
True
Is 6641166 a multiple of 42?
True
Is 104807498 a multiple of 211?
True
Does 9 divide 93797000?
False
Does 12 divide 348119060?
False
Is 161 a factor of 209502542?
False
Does 1017 divide 23566809?
False
Does 9 divide 46838531?
False
Does 1673 divide 28594916?
True
Is 138403696 a multiple of 368?
True
Does 199 divide 1265863461?
False
Does 2894 divide 1175123170?
True
Does 219 divide 52577520?
True
Is 225 a factor of 1285816286?
False
Does 24 divide 438609504?
True
Is 2324 a factor of 1107023456?
True
Is 48919761 a multiple of 499?
False
Is 98332063 a multiple of 41?
True
Does 63 divide 24608304?
True
Is 16663007 a multiple of 392?
False
Is 24529488 a multiple of 94?
True
Is 1090 a factor of 41955295?
False
Is 733 a factor of 217673708?
False
Is 197590184 a multiple of 11?
True
Does 1036 divide 42247153?
False
Is 585031200 a multiple of 85?
True
Does 34 divide 3032126?
False
Is 204 a factor of 143971164?
True
Is 385 a factor of 80184163?
False
Is 1139539608 a multiple of 27?
False
Does 17 divide 836842?
True
Is 6 a factor of 342595152?
True
Does 23 divide 407941455?
True
Is 20 a factor of 34845640?
True
Is 513 a factor of 7788323?
False
Is 1230 a factor of 1094770110?
True
Is 12 a factor of 16652757?
False
Is 7368918 even?
True
Is 2060534424 a multiple of 159?
True
Is 32365854 a multiple of 101?
True
Does 140 divide 1651493773?
False
Is 236330775 a multiple of 305?
True
Is 172 a factor of 41658991?
False
Does 114 divide 38258434?
False
Does 700 divide 82435137?
False
Is 356459835 a multiple of 35?
False
Is 3940 a factor of 320937174?
False
Is 37449823 a multiple of 14?
False
Does 19 divide 60289574?
False
Is 32000997 a multiple of 973?
True
Does 28 divide 164259284?
True
Does 3105 divide 19039022?
False
Does 58 divide 2772748?
True
Is 112472806 a multiple of 14?
False
Is 36727726 a multiple of 959?
False
Is 247600350 a multiple of 18?
True
Is 53 a factor of 224553486?
False
Does 20 divide 21503309?
False
Does 7 divide 7981928?
False
Does 241 divide 24214984?
False
Is 2395425153 a multiple of 517?
False
Does 8 divide 20597752?
True
Does 92 divide 6406252?
False
Does 22 divide 890778526?
True
Is 453 a factor of 9049637?
False
Does 9 divide 266816262?
False
Is 6 a factor of 46096350?
True
Is 39 a factor of 445565685?
False
Is 15807792 a multiple of 39?
True
Is 9 a factor of 476793534?
False
Does 644 divide 186982942?
False
Does 28 divide 6234343?
False
Is 30794569 a multiple of 639?
False
Is 9 a factor of 362713009?
False
Does 8 divide 1934655032?
True
Does 75 divide 126804900?
True
Does 148 divide 10856951?
False
Is 109 a factor of 211581753?
True
Does 38 divide 21790566?
False
Is 3465069066 a multiple of 9603?
False
Is 86 a factor of 11323190?
True
Does 146 divide 420137182?
False
Is 2197 a factor of 319371299?
True
Does 220 divide 904942715?
False
Is 66 a factor of 54235023?
False
Does 8 divide 16864264?
True
Is 469 a factor of 5101313?
True
Is 1957870467 a multiple of 357?
True
Is 2452447789 a multiple of 94?
False
Does 105 divide 65474126?
False
Is 173 a factor of 93799773?
False
Is 41539654 a multiple of 313?
False
Does 33 divide 192852495?
True
Is 90790651 a multiple of 20?
False
Does 732 divide 43457892?
False
Is 39 a factor of 214038123?
True
Is 334154050 even?
True
Is 63 a factor of 46361349?
False
Is 65708239 a multiple of 191?
False
Is 82099017 a multiple of 1287?
True
Is 20 a factor of 105892367?
False
Does 1321 divide 124604646?
True
Is 775 a factor of 241386067?
False
Does 1322 divide 261970164?
True
Is 935 a factor of 937818090?
True
Is 20 a factor of 30729040?
True
Does 30 divide 439193934?
False
Does 94 divide 41323246?
True
Is 504607100 a multiple of 58?
False
Is 417264035 a multiple of 691?
False
Is 133 a factor of 243089420?
True
Does 86 divide 14675814?
True
Is 34430340 a multiple of 717?
True
Does 45 divide 191098125?
True
Does 115 divide 15709575?
True
Is 11 a factor of 274612767?
True
Is 1268 a factor of 8330760?
True
Does 13 divide 43882868?
False
Does 14 divide 1951111?
False
Is 686327505 a multiple of 5422?
False
Does 32 divide 35200416?
True
Does 3 divide 910706?
False
Does 26 divide 184166880?
False
Is 3 a factor of 4680404?
False
Is 1299 a factor of 23161170?
True
Is 39753537 even?
False
Does 4 divide 308427264?
True
Is 246367546 a multiple of 21?
False
Is 53 a factor of 987631717?
False
Is 31516894 a multiple of 31?
True
Is 2192 a factor of 271902436?
False
Is 88 a factor of 2230337993?
False
Is 145 a factor of 924857841?
False
Is 424355824 a multiple of 13?
False
Is 6851617 a multiple of 44?
False
Is 79687884 a multiple of 9?
False
Is 780525107 a multiple of 411?
False
Does 195 divide 139324859?
False
Does 54 divide 16409129?
False
Is 318 a factor of 2924010?
True
Does 1059 divide 60091896?
True
Is 106 a factor of 33147260?
True
Is 1187661477 a multiple of 4366?
False
Is 8 a factor of 44782238?
False
Does 82 divide 29719945?
False
Is 793502810 a multiple of 433?
True
Does 48 divide 8396160?
True
Does 4 divide 165948136?
True
Is 80 a factor of 120463656?
False
Is 1062 a factor of 881503337?
False
Is 488936478 a multiple of 5?
False
Is 3844453419 a multiple of 205?
False
Does 266 divide 1470999403?
False
Is 114 a factor of 31389330?
True
Does 101 divide 53825153?
False
Is 45 a factor of 86472360?
True
Is 8086472 a multiple of 1040?
False
Is 9 a factor of 1044121050?
True
Is 1843 a factor of 560555719?
False
Is 219205968 a multiple of 8?
True
Is 143448608 a multiple of 3082?
True
Is 1217464174 a multiple of 124?
False
Is 179772343 a multiple of 6?
False
Is 40 a factor of 66308186?
False
Is 135322444 a multiple of 294?
False
Is 2755308237 a multiple of 243?
False
Is 90019440 a multiple of 14?
True
Is 34 a factor of 30579923?
False
Does 22 divide 114017291?
False
Is 1738 a factor of 106678440?
True
Does 87 divide 22675677?
False
Does 792 divide 433547928?
True
Is 312 a factor of 420897360?
True
Is 12 a factor of 205659360?
True
Does 1397 divide 161831433?
False
Is 7024 a factor of 106499201?
False
Does 43 divide 887919824?
False
Is 754723766 a multiple of 18?
False
Is 530998623 a multiple of 109?
True
Is 686403931 a multiple of 71?
True
Is 153 a factor of 8390979?
True
Is 3040574406 a multiple of 51?
True
Is 14 a factor of 878195?
False
Does 4 divide 165694502?
False
Is 17 a factor of 79434245?
False
Is 41604822 a multiple of 126?
True
Is 28891721 a multiple of 2?
False
Is 147578798 a multiple of 273?
False
Does 58 divide 46424186?
True
Is 4091079 even?
False
Does 49 divide 60642256?
False
Does 93 divide 115705299?
True
Is 67546555 a multiple of 1409?
False
Does 9 divide 1563324750?
True
Is 3262006236 a multiple of 6756?
True
Does 14 divide 6071924298?
False
Is 756075566 a multiple of 12769?
False
Is 500 a factor of 236752467?
False
Is 5410944 a multiple of 366?
True
Is 376309846 a multiple of 541?
False
Is 15 a factor of 8740121?
False
Does 22 divide 52850933?
False
Does 11829 divide 1827166485?
True
Is 23 a factor of 94875667?
True
Does 17 divide 165281247?
False
Is 72674370 a multiple of 18?
True
Is 216082349 a multiple of 425?
False
Does 1742 divide 306889636?
False
Does 235 divide 56821355?
True
Is 9459697 a multiple of 4819?
True
Does 5 divide 16950731?
False
Does 32 divide 395679752?
False
Is 602415288 a multiple of 6?
True
Is 23 a factor of 20388833?
True
Is 1623 a factor of 1637014605?
True
Is 1929 a factor of 385539585?
True
Is 48 a factor of 186227872?
False
Is 47370990 a multiple of 82?
True
Does 132 divide 18699912?
True
Is 13677378 a multiple of 1254?
True
Is 38 a factor of 33341580?
True
Is 112171027 a multiple of 10?
False
Does 21 divide 1072743?
True
Is 182320970 a multiple of 145?
True
Is 2 a factor of 455371555?
False
Does 1380 divide 100483518?
False
Does 2 divide 4